 618 divide 43439838?
True
Is 13 a factor of 213464225?
True
Is 17 a factor of 23724034?
False
Does 2621 divide 839155086?
True
Does 32 divide 180974531?
False
Is 538 a factor of 208130560?
False
Is 18 a factor of 2551302?
True
Is 46552874 a multiple of 1237?
False
Is 52037406 a multiple of 62?
True
Is 98540250 a multiple of 89?
False
Does 742 divide 27653598?
True
Is 9 a factor of 44960508?
True
Is 837 a factor of 31910868?
False
Does 65 divide 21798570?
False
Does 24 divide 1658709816?
True
Is 1290848208 a multiple of 39?
True
Is 132 a factor of 15070558?
False
Is 305 a factor of 83382709?
False
Is 86917104 a multiple of 86?
True
Is 60230139 a multiple of 12?
False
Is 134 a factor of 12533380?
False
Does 46 divide 42702450?
False
Is 322 a factor of 36498378?
True
Is 3527 a factor of 419929310?
False
Is 80551567 a multiple of 24?
False
Does 3828 divide 275240856?
True
Is 26284738 a multiple of 1043?
False
Is 1163 a factor of 2516433109?
True
Is 62480116 a multiple of 386?
False
Is 34369440 a multiple of 14?
True
Does 1551 divide 633814517?
False
Is 169 a factor of 226108463?
False
Is 279706593 a multiple of 4223?
False
Is 657681 a multiple of 41?
True
Is 69142930 a multiple of 14?
False
Does 1239 divide 305541117?
True
Is 644 a factor of 14571788?
True
Is 166 a factor of 472355490?
True
Is 42943076 a multiple of 1481?
True
Is 388 a factor of 314722708?
True
Is 91127811 a multiple of 7?
False
Is 117 a factor of 674313319?
False
Does 337 divide 819852951?
False
Is 1231 a factor of 601352117?
True
Does 12 divide 525095220?
True
Is 57545572 a multiple of 4?
True
Does 2441 divide 74235692?
True
Does 2415 divide 471557863?
False
Is 528800562 a multiple of 1458?
True
Is 1025 a factor of 210947089?
False
Does 38 divide 7647044?
True
Does 2 divide 4877821?
False
Is 813700156 a multiple of 19?
True
Is 439 a factor of 84798996?
True
Is 19 a factor of 44567540?
True
Is 21 a factor of 358349502?
True
Does 3513 divide 133698612?
False
Does 1066 divide 52489368?
False
Does 490 divide 2723288680?
True
Does 51 divide 21586362?
True
Is 105 a factor of 9725953?
False
Is 6273797 a multiple of 5?
False
Is 35 a factor of 1814855?
True
Is 11 a factor of 2276020667?
False
Is 32 a factor of 144781888?
True
Is 148 a factor of 135103576?
True
Is 17 a factor of 15210053?
True
Is 1881 a factor of 915122996?
False
Is 16 a factor of 5274421?
False
Is 1169 a factor of 442881495?
True
Does 1737 divide 957937850?
False
Is 63 a factor of 414242782?
False
Does 836 divide 1021870669?
False
Is 223 a factor of 51302099?
False
Is 183 a factor of 13757208?
True
Is 5 a factor of 233919572?
False
Is 1405928051 a multiple of 433?
True
Is 522 a factor of 15768576?
True
Is 4200 a factor of 1370182800?
True
Does 11 divide 1915025640?
True
Is 257260188 a multiple of 12?
True
Is 112010340 a multiple of 20?
True
Does 529 divide 1269614812?
True
Is 92482392 a multiple of 89?
True
Is 4 a factor of 1344414280?
True
Is 12430067 a multiple of 522?
False
Is 503755085 a multiple of 23?
True
Does 127 divide 108104311?
False
Is 4522232 a multiple of 134?
True
Does 61 divide 2337462294?
True
Is 780372556 a multiple of 30?
False
Is 6187 a factor of 391012213?
True
Is 1198320 a multiple of 60?
True
Is 1763967957 a multiple of 3473?
True
Does 7 divide 14995687?
True
Is 3 a factor of 4380622?
False
Does 18 divide 6393605?
False
Does 12 divide 398642496?
True
Is 16 a factor of 31251536?
True
Is 15 a factor of 82134375?
True
Is 26 a factor of 1619748640?
False
Is 56742778 a multiple of 19?
True
Is 977730 a multiple of 654?
True
Is 63 a factor of 7161685?
False
Is 2636 a factor of 64270727?
False
Does 4 divide 85256991?
False
Is 15 a factor of 1032610771?
False
Is 2054 a factor of 24338563?
False
Is 2 a factor of 31737636?
True
Is 89 a factor of 1406721043?
False
Is 154000812 a multiple of 3?
True
Is 658418364 a multiple of 306?
True
Is 18 a factor of 772216326?
True
Is 9 a factor of 1460356?
False
Is 3069 a factor of 774023283?
True
Is 331353018 a multiple of 158?
True
Is 70 a factor of 168630420?
True
Does 135 divide 79668495?
True
Is 17 a factor of 15427839?
False
Is 1326285333 a multiple of 29?
True
Does 3933 divide 32702895?
True
Is 10752682 a multiple of 2105?
False
Does 19 divide 180208920?
True
Does 69 divide 430488240?
True
Is 157431542 a multiple of 143?
False
Is 46931877 a multiple of 208?
False
Is 127 a factor of 4124370466?
True
Is 2391 a factor of 2171718999?
True
Is 172 a factor of 907586208?
True
Is 62 a factor of 14306122?
False
Is 212664038 a multiple of 3307?
False
Is 14 a factor of 126789544?
True
Does 101 divide 13004558?
True
Does 22 divide 603120386?
True
Is 259879326 a multiple of 1857?
False
Does 581 divide 1867992854?
True
Is 1964576520 a multiple of 12?
True
Is 83230219 a multiple of 274?
False
Is 743 a factor of 1435719704?
True
Is 311811075 a multiple of 15?
True
Is 13197610 a multiple of 493?
True
Is 43406658 a multiple of 32?
False
Is 8692 a factor of 1547445452?
True
Does 6515 divide 642819159?
False
Does 137 divide 2446770069?
False
Is 1195 a factor of 252442895?
False
Is 14003992 a multiple of 4?
True
Does 62 divide 10031910?
True
Is 3406088 a multiple of 455?
False
Is 25409446 a multiple of 3?
False
Is 115800810 a multiple of 710?
False
Is 946 a factor of 126443306?
True
Is 21218730 a multiple of 195?
True
Is 1624774820 a multiple of 173?
False
Is 27 a factor of 119883456?
True
Is 39 a factor of 1982992323?
True
Is 563 a factor of 19604468?
False
Is 177217684 a multiple of 764?
False
Is 11619772 a multiple of 6708?
False
Does 436 divide 43479105?
False
Is 624298746 a multiple of 1963?
False
Does 189 divide 6978403?
False
Is 34960098 a multiple of 166?
True
Does 222 divide 2046728056?
False
Is 56348880 a multiple of 14?
True
Is 17340326 a multiple of 177?
False
Is 1318765818 a multiple of 2283?
True
Is 86953111 a multiple of 513?
False
Does 10 divide 78547380?
True
Is 65 a factor of 1031578990?
True
Is 146460578 a multiple of 3675?
False
Does 47 divide 114004785?
False
Is 4128865 a multiple of 5?
True
Is 1105700853 a multiple of 39?
False
Does 239 divide 9546008?
False
Is 53679949 a multiple of 33?
False
Is 110747313 a multiple of 500?
False
Does 5833 divide 507845559?
False
Does 1137 divide 174024672?
True
Is 1805 a factor of 2036040?
True
Is 39345888 a multiple of 51?
True
Is 390 a factor of 591102330?
True
Is 1678852190 a multiple of 4603?
True
Is 25 a factor of 7984604?
False
Does 97 divide 11182439?
False
Is 382474235 a multiple of 583?
True
Does 160 divide 1279184?
False
Does 1966 divide 161459716?
True
Is 163 a factor of 521269820?
False
Is 1300478 a multiple of 59?
True
Is 68289299 even?
False
Does 370 divide 20720000?
True
Is 2515 a factor of 1809106322?
False
Is 22492414 a multiple of 329?
True
Is 3941 a factor of 82973678?
False
Does 35 divide 228197970?
True
Is 375893452 a multiple of 1814?
True
Does 415 divide 7541184120?
True
Is 347061804 a multiple of 50?
False
Is 20 a factor of 139492738?
False
Is 1102393666 a multiple of 682?
True
Is 238730182 a multiple of 12?
False
Is 54 a factor of 87901740?
True
Does 2081 divide 113197156?
False
Does 16 divide 13814208?
True
Is 10415441 a multiple of 4?
False
Does 13 divide 5831332?
True
Is 2089384 a multiple of 88?
True
Does 885 divide 40328199?
False
Is 147 a factor of 196647041?
False
Is 4297004471 a multiple of 11262?
False
Is 217832315 a multiple of 282?
False
Does 156 divide 46512418?
False
Is 2244413034 a multiple of 11?
False
Is 5876493467 a multiple of 13?
True
Does 730 divide 29320116?
False
Does 484 divide 204224284?
True
Is 31654791 a multiple of 9?
True
Is 413411452 a multiple of 1291?
False
Does 16 divide 36125749?
False
Is 23 a factor of 393581006?
False
Is 9455 a multiple of 3?
False
Does 2374 divide 1627962870?
False
Is 349577200 a multiple of 6571?
True
Does 242 divide 1986818?
False
Does 178 divide 1447956842?
True
Is 46 a factor of 851236992?
True
Is 554 a factor of 1376878360?
True
Is 345612165 a multiple of 767?
False
Does 80 divide 42675696?
False
Does 328 divide 603984776?
True
Is 757 a factor of 5809835?
False
Is 2732 a factor of 1655430812?
True
Is 32 a factor of 417065029?
False
Does 8505 divide 4989373200?
True
Is 174 a factor of 5089139?
False
Is 120535051 a multiple of 2481?
False
Is 81